e q(t).
-2
Let l(m) = 2*m**2 - 41*m + 11. Let b(u) = -u**2 + 20*u - 6. Let k(a) = -13*b(a) - 6*l(a). Determine k(11).
-21
Let n(o) = -10*o**3 + 50*o**2 - 102*o - 1. Let p(z) = -3*z**3 + 17*z**2 - 34*z. Let g(f) = -2*n(f) + 7*p(f). Let i be g(17). Let c(x) = 4*x - 2. Calculate c(i).
6
Let q(f) be the third derivative of -f**7/560 + f**5/10 + 8*f**2. Let b(d) be the third derivative of q(d). What is b(2)?
-18
Let t be (70/(-6) - -10)*-3. Let n(v) = v + 2. Let o(y) = 2*y + 3. Let k(d) = 7*n(d) - 4*o(d). What is k(t)?
-3
Let a(m) = -m**3 - m**2 + m + 9. Let p(i) = 2*i**2 - 32*i + 30. Let y be p(15). Give a(y).
9
Let u = 30 - 28. Let o(b) = -5 - 5*b + b**3 + 7*b**u + 12 - 2*b**2. Give o(-6).
1
Let g(u) be the third derivative of -u**6/120 - 4*u**5/15 + u**4/24 + 5*u**3/2 + 294*u**2 + 2. What is g(-16)?
-1
Let o(h) be the first derivative of h**4/4 - 4*h**3/3 + h**2 + 99. Let t = 0 - -2. Determine o(t).
-4
Let a = 17 - 12. Let l(j) be the second derivative of j**3 - 1/12*j**4 - 7*j + 0 - j**2. Give l(a).
3
Let p = -17 + 12. Let a(c) be the second derivative of -c**4/12 - c**3/6 + 7*c**2/2 - c + 67. Calculate a(p).
-13
Let c(q) = 2*q**2 + 3*q + 11. Let z(b) = b**2 + 2*b + 5. Let h(y) = 3*c(y) - 7*z(y). Suppose 5 = -5*o + 5*a, -3*o + 2*a + 7 = -3*a. Calculate h(o).
-8
Let a = 12 - 0. Suppose 52 = -5*n + a. Let m = -7 - n. Let q(v) = -2*v**2 - 1. Give q(m).
-3
Let o(k) = k**2 + 2*k - 2. Let l = -6 + 3. Let i(m) = -m**2 - m. Let x(p) = l*i(p) - o(p). Determine x(-2).
8
Let m(z) = -3*z + 13*z + 13*z - 3. Give m(2).
43
Let b(z) = z + 9. Let n = -244 + 233. Determine b(n).
-2
Let y(v) = -v + 43 + 68 - 98. Determine y(12).
1
Suppose 0 = -106*h + 99*h. Let i(o) = o**2 - 5. Calculate i(h).
-5
Let w(z) = z**2 - 8*z - 4. Suppose -2*x - 3 = -x + 3*p, 33 = 5*x + 3*p. Give w(x).
5
Let m(j) be the second derivative of -j**5/20 - 2*j**4/3 + 5*j**3/3 - j**2/2 - 4*j - 5. Determine m(-9).
-10
Suppose -r - 9 = -4*r. Let k(q) = 852*q - 3 - 1712*q + 861*q. Calculate k(r).
0
Let j(b) = 2*b - 4. Let f be j(3). Let o(m) = -m**2 + 5*m - 4. Let u be o(3). Let k(h) = 4*h**3 - u*h**3 - 1 - h**3 - 3*h**2 + 3*h. Determine k(f).
1
Let t(r) = 2*r**2 + 23*r + 8. Let y(d) = 11*d + 99. Let a be y(-10). What is t(a)?
-3
Let q(b) be the second derivative of -b**6/120 - b**5/10 + b**4/4 - 7*b**3/6 - 8*b**2 - 25*b. Let a(x) be the first derivative of q(x). Give a(-7).
0
Let l(v) = v - 8. Suppose -64*f - 39*f + 927 = 0. Calculate l(f).
1
Suppose u + 3*c + 2 - 5 = 0, c = -4. Let x = u + -14. Let y(l) = -x + l**2 - 1 - 4 + 3. Determine y(-4).
13
Let w = 1129 - 1126. Let p(u) = -u**3 + 8*u**2 - 3*u + 4. Determine p(w).
40
Let z(y) = 16 - 4*y + 6 + y**2 - 26. Suppose -29 - 21 = -5*a. Suppose -3*l = -a - 5. Calculate z(l).
1
Let v(o) be the first derivative of o**2/2 - 11*o - 664. Give v(8).
-3
Let o = -4 - -10. Suppose 3*j = 6*j. Let s(n) = n + n - 6 + 6*n**2 + j*n**3 - n**3. What is s(o)?
6
Let i(f) = -1618 + 1612 + 2*f**2 + 3*f - f**2 + 0*f**2 + 6*f. Calculate i(-7).
-20
Let c(j) = j**3 + 19*j**2 + 35*j + 12. Let p be c(-17). Let g(a) be the second derivative of a**3/3 - a**2/2 - a. Give g(p).
-11
Let x(o) be the first derivative of o**3/3 + 6*o**2 + 18*o - 456. Give x(-9).
-9
Let y be (-2)/(-2) + -5 + 3. Let u be (y + -1 + 3)*0. Suppose u*c = c - 4. Let w(m) = m**2 - 4*m + 5. Determine w(c).
5
Suppose 3*z = 5*z + 4. Let t(x) be the third derivative of -x**7/1008 - 3*x**5/20 - 8*x**2. Let s(u) be the third derivative of t(u). What is s(z)?
10
Let x(i) = i - 7. Let j(c) = c - 3*c + 11 + 3*c + 7. Let g be j(-14). Suppose -g*s - 2*p + 21 = p, 4*s = 3*p + 27. What is x(s)?
-1
Let d = 397 + -403. Let q(y) = 2 + 2 + 2*y**2 - y**2 + 5*y. Let i(c) = -c**2 - 6*c - 4. Let m(v) = d*q(v) - 5*i(v). What is m(0)?
-4
Let k(m) = -3*m**2 + 4*m**2 + m + 1 + 4. Let s(d) = -d**2 + 37*d - 342. Let t be s(19). What is k(t)?
5
Suppose -32*i - 20 = -36*i. Let d(f) be the second derivative of 0 - i*f + 5/6*f**3 - 1/2*f**2. What is d(1)?
4
Suppose 3*b - 4*b + 3 = 2*o, 0 = -b + 2*o - 13. Let v = 5 + -4. Let m(s) = -3*s - v + 5*s - 2*s + s. What is m(b)?
-6
Let r(b) = b**3 + 7 + 32*b - 2 + 30*b - 5*b**2 - 61*b. Let u(c) = 2*c - 9. Let j be u(7). Let z = 0 + j. What is r(z)?
10
Suppose -4*l = -6*l. Suppose 2*t = 10, -2*t - 6 = -4*j - l. Suppose -j*z - 1 = -13. Let n(b) = -b**3 + 4*b**2 - 4*b + 4. What is n(z)?
1
Let b(m) = 2*m + 6. Let a(p) = -p**2 - 7*p - 20. Let w(i) = 2*a(i) + 7*b(i). Give w(2).
-6
Let n(l) = 4*l**2 + 3*l + 1. Let p = 3 - 1. Let w = 34 - 30. Suppose -p + w = -s. Determine n(s).
11
Let j(a) = -2*a - 2. Let w be j(-5). Let c(g) = -g**2 + 1 + 210*g + 3 - 202*g. Determine c(w).
4
Suppose 3*p - 2 + 8 = 0. Let b be (-4)/14 - (48/28 + -2). Let j(n) = b + 2 - 3 - n. Give j(p).
1
Let b(z) = z**3 - 18*z**2 - 21*z + 34. Let q be b(19). Let t(d) = -d - 8. Give t(q).
-4
Let s(a) = -2*a**3 - 9*a**2 - 28. Let g be s(-5). Let x(d) = -d**2 - 6. Give x(g).
-15
Let g = -973 - -977. Let k(o) = -o**2 + 2*o - 2. Determine k(g).
-10
Suppose -w - 4*x + 2 = -0, 13 = -4*w + 5*x. Let d be 3*w/(-3) - -1. Let f(o) = -3*o - o**d - 3 - 3*o + 4*o + 2*o**3 - 3*o**2. Calculate f(4).
5
Let a(m) = 0*m**2 + 72*m - m**2 + 79*m + 75*m + 1 - 227*m. Suppose -5*s + 6*s = 2. Give a(s).
-5
Let z be (-462)/(-385)*15/(-2). Let k(y) = -y**2 - 7*y + 21. Give k(z).
3
Let c(b) = -b + 15. Let v(h) = h - 7. Let w(a) = -6*c(a) - 13*v(a). Let y(t) = -5*t + 10. Let f be y(6). Let n be 4/f + 8/(-10). What is w(n)?
8
Let z(s) = -s + 4. Let c(d) = -1. Let l(i) = 3*c(i) + z(i). Suppose -4*j + 8 = -0. Determine l(j).
-1
Let r = 7 + -5. Let g(x) = -2*x + x**3 + x - 2 + 1 + x**r. Let t(k) = -11*k**3 - 7*k**2 + 5*k + 7. Let n(f) = -6*g(f) - t(f). Give n(1).
6
Let v(c) be the third derivative of -c**5/60 + 7*c**4/24 + c**3 - 30*c**2. Let g(k) = -k**2 - 8*k - 10. Let l be g(-4). What is v(l)?
12
Let f be (-508)/(-10) + (-5)/(-25). Let v = -49 + f. Let s(z) = z**2 - 4*z - 1. Calculate s(v).
-5
Let l(k) be the first derivative of 3/2*k**2 + 7 - 1/3*k**3 + 0*k. Determine l(3).
0
Let k(s) = 2*s - 30. Suppose -8*z = 1389 - 1517. Determine k(z).
2
Let n(b) = 2*b**2 + 4*b + 4 - 4*b**2 - b**3 + 0*b**3. Let r(l) = l**2 - 9*l - 12. Let c be r(10). Let m = c - 1. Calculate n(m).
1
Let w(g) = g**2 + g - 1. Let r(l) = -14*l**2 - 7*l + 8. Let i(u) = r(u) + 6*w(u). Let j be i(-1). Let m(d) = -d**3 - 4*d**2 + 5*d + 3. Calculate m(j).
3
Let d(z) = 37*z + 18. Let g(f) = -20*f - 9. Let p(c) = 6*d(c) + 11*g(c). What is p(-8)?
-7
Let b(a) = -a - 1. Let f = 21 + -9. Let w = f + -12. Suppose w = -5*d - 3*y + 27, 0*d = d + y - 5. Give b(d).
-7
Let c(b) = 3*b**3 + 16*b**2 + 14*b - 16. Let y(z) = z**3 - 2. Let r(n) = c(n) - 2*y(n). Determine r(-15).
3
Let a = -62 + 65. Let x(g) = -3*g + 8*g**2 - 2*g**3 - 3*g**2 + 2*g - 3 - 2*g. What is x(a)?
-21
Let d be 2294/(-407) + 8/(-22). Let w(z) = -z**2 - z - 5. Determine w(d).
-35
Let i(j) = 0*j - 5 - j - 4 - 1. Suppose -2*y + 0*y - 5*b - 3 = 0, 3*y + 2*b + 21 = 0. Give i(y).
-1
Let d(m) = m**2 + 4*m - 10. Suppose 955 = -7*x + 983. Give d(x).
22
Let y(d) be the second derivative of d**4/12 - 3*d**3/2 + 11*d**2/2 + 10*d - 1. Give y(8).
3
Let n = -103 + 102. Let q(d) = -36*d**2 - 1. Determine q(n).
-37
Let z(y) = -1 + 1 - 15 + 29 - y. What is z(-6)?
20
Let v be (38/6 + -1)*30/40. Let y = 0 - 0. Suppose y*n + 24 = -v*n. Let q(j) = j + 5. Give q(n).
-1
Let h(p) = -p + 3. Suppose 2*v + 3*x = -5, -11 = -v - 0*v + 3*x. Suppose -b + v*d - 8 = d, d = 0. Give h(b).
11
Suppose -56 = y - 5*y. Let m(d) = d**3 - 3*d**2 - 2*d + 1. Let g be m(4). Let a = g - y. Let v(s) = 2*s + 5. Give v(a).
-5
Let p = 1362 + -1359. Let u(v) be the third derivative of 0 + v**p - 1/60*v**5 + 0*v - 12*v**2 + 1/6*v**4. Calculate u(5).
1
Let w(z) be the second derivative of z**3/2 + 3*z**2/2 + 2*z. Let s = -31 - -25. Determine w(s).
-15
Suppose 2*i = 4 + 2. Let v be (10/(-5))/((-50)/(-15) - 4). Let m(n) = 3 - 2*n**3 + 44*n**2 - 41*n**2 + n**v. Give m(i).
3
Let c(f) = -f**2 - f - 10. Let w be 0/(-2)*(-4)/(-20). Determine c(w).
-10
Let d(v) = -14 - 10*v + 7*v + 6*v - 2*v. Determine d(9).
-5
Suppose 4*q - 10 = -2*x, -q + 15 = 5*x + 4*q. Let a(w) = 31*w**3 - 1. Determine a(x).
30
Let v(y) = 10 - 2 + 10*y - y**2 + 2. Suppose -g - 7 = -o, g - 3 = -3*o + 26. What is v(o)?
19
Let h(c) = -